 5*a + t, 3*t = 5*a - 338. What is the tens digit of a?
6
Suppose -y + 2 = 2*j, 0*j + 4 = y + j. What is the units digit of (1 + 9/3)*y?
4
Suppose -2*w = -3*w - 4. Let b be (-39)/(2/w*2). Suppose -3*v + 26 + 7 = j, -3*j + b = 3*v. What is the tens digit of v?
1
Let i = -316 + 543. What is the units digit of i?
7
Suppose 4*z = 2*z + 66. What is the tens digit of z?
3
Suppose -4*z = -4 - 4. Suppose -32 = -4*x + z*n - 0*n, -x = -4*n - 22. What is the units digit of x?
6
Let r be (-414)/(-24) - (-3)/4. What is the tens digit of 4/r + 345/27?
1
Let w(x) = x**3 - 2*x**2 - 2*x. Let b be w(3). Suppose 19 = -b*r + 64. What is the tens digit of r?
1
Let c = 0 + -2. Let x be (4/(-8))/(c/12). Suppose 4*b - 4*t + 4 = 0, -x*b - t + 21 = 4*t. What is the units digit of b?
2
Let h(b) be the second derivative of b**3/6 + 3*b**2 + b. Let o be h(-3). Suppose 2 = 5*d - o*d. What is the units digit of d?
1
Suppose 8*m = 5*m + 42. Let k(l) = l**3 - 15*l**2 + 17*l + 8. What is the tens digit of k(m)?
5
Let i be (10/25)/(1/(-5)). What is the units digit of (-15 - -29)*(-1)/i?
7
Let n = 6 + -2. Let x be 27/(-6)*(-4)/6. Suppose -5*q + 55 = -2*w, -q = -x*q - n*w - 2. What is the units digit of q?
9
What is the tens digit of 3*3/6*58?
8
Let h(z) = z + 3. Let w(g) = -4*g - 8. Let a(j) = -11*h(j) - 4*w(j). What is the units digit of a(1)?
4
Suppose -b + 3*b - 8 = -5*z, -2*z = -8. Let k = b + 10. Let x(m) = -m**2 + 7*m - 4. What is the units digit of x(k)?
8
Let t(l) = 41*l - 50. What is the units digit of t(7)?
7
Let g(j) = -14*j. What is the tens digit of g(-1)?
1
Let n = -46 - -128. What is the tens digit of n?
8
Suppose 2*u + 3*r - 128 = -0*r, -3*u + 189 = 3*r. What is the tens digit of u?
6
Suppose 0 = -3*s + 85 + 35. What is the tens digit of s?
4
Suppose -z + 1 + 3 = -4*n, 0 = 2*z + 3*n - 19. Let u = z + -5. Suppose 4*k = -4*b + 12, 2*k - u = k + b. What is the units digit of k?
3
Suppose -3*t + 3 - 15 = 0. What is the units digit of 876/28 + t/14?
1
Suppose 0 = -3*r - g + 19, -r + 4*g - 6 + 21 = 0. What is the units digit of r?
7
Suppose 0 = -0*l - 3*l. Let n(r) = r**2 - 12. Let a be n(l). Let w = a + 21. What is the units digit of w?
9
Let u(w) = 36*w**2 + 2*w - 1. What is the units digit of u(1)?
7
Suppose 5*h + 5*q - 10 = 0, -q + 3*q + 10 = 5*h. Suppose -h*i = 0, -j - 3*i = -4*i + 1. What is the units digit of (j/3)/((-3)/45)?
5
Suppose 6 = 21*s - 19*s. Let u = s - -8. What is the units digit of u?
1
Suppose -45 = -5*u - 3*w, w - 14 = u - 3*w. Suppose 2*c = 2, 2*v + c + u = 5. What is the units digit of 0 + (0 - -9 - v)?
0
Suppose 0 = -0*v - v + 1. Suppose -g - 2 = -v. Let s = g + 2. What is the units digit of s?
1
Suppose 5*p = 3*n + 15, -n - 15 = p - 6*p. Suppose -5*j = -2*j - 30. Suppose -3*b - 2*v + 2 + 57 = n, 0 = 5*v + j. What is the units digit of b?
1
Let y(r) = -2*r**2 - 42*r - 6. What is the units digit of y(-17)?
0
Suppose 1140 = 5*n + 4*t, t = -4*n + 6*t + 871. What is the tens digit of n?
2
Let p(g) = -2*g**2 + 3*g - 1. Let j be p(2). Let i(c) = -2*c - 2. Let z be i(j). Let q(m) = m**2 - 2*m - 2. What is the units digit of q(z)?
6
What is the units digit of (256 - 2)/(-2 - -4)?
7
Suppose -2*m + 61 = 5*j, 4*m - 2*m = 2*j + 26. Suppose -4 + m = u. Suppose 0 = -g - g + u. What is the units digit of g?
7
Suppose -5*f - u = -62, 3*f + 0*f + u - 36 = 0. What is the units digit of f?
3
Let h(l) = -l**2 + 5*l. Let n be h(5). Let m = 11 - 11. Suppose m*c + 1 = -c + 4*j, 3*c + 2*j - 39 = n. What is the tens digit of c?
1
Suppose 0 = 7*j - 5*j - 94. What is the units digit of j?
7
Suppose -5*z + 10 = 0, -g - z + 10 = 4*z. Let s = g - -10. What is the tens digit of s?
1
Suppose 11 + 1 = 4*b. Suppose 0*r = -r + b. What is the units digit of r?
3
Let i(f) = -3*f**2 + 2*f - 2. Let t be i(2). Let a = t + 14. Suppose a*n + 2 = -w - w, n + 5 = -2*w. What is the units digit of n?
1
Suppose -z + 4*y - 7 = 6, 0 = -4*z - 3*y + 24. Suppose 10 = z*k - 92. What is the tens digit of k?
3
Let h(o) = o**3 - o + 3. Suppose 0 = 4*g - 2*l + 10, 0 = 7*l - 2*l - 25. What is the units digit of h(g)?
3
Let u = 51 - 31. What is the tens digit of 36/10*u/6?
1
Let i be 3/(((-1)/(-6))/1). Let w = i - 16. What is the units digit of w?
2
Let r be (-3 + 2)/(2/22). Let b = r - -7. What is the units digit of 15/6*b/(-5)?
2
Let x(r) = -4*r + 1. Let z(i) = -i + 1. Let l(q) = x(q) + 3*z(q). What is the units digit of l(-5)?
9
Suppose -2*x + 9*x = 987. What is the tens digit of x?
4
Suppose 4*k = 2*k + t + 16, 0 = 3*t. Suppose -4*r - 12 = -2*s + 12, 0 = 2*r + s + k. What is the units digit of 4/(-10) + (-17)/r?
3
Suppose -9*c + 2*x + 364 = -7*c, -5*x = -5. What is the hundreds digit of c?
1
Let l be (-3)/((-22)/8 - -2). Suppose -3*q = -2*q - l. What is the units digit of 10/q*42/15?
7
Let o(y) = y**2 + 24. What is the tens digit of o(0)?
2
Suppose 85 = 2*b - 73. Suppose -b = -4*j - 23. What is the tens digit of j?
1
Let a(x) = x**2 - x + 1. Let g be a(1). What is the units digit of 12 - 1*(0 + g)?
1
Let w(g) be the first derivative of 1/3*g**3 + 1 + 11/2*g**2 + 14*g. What is the units digit of w(-10)?
4
Let d(j) = j + 12. Let u be d(-10). What is the units digit of 11/u*4/2?
1
What is the tens digit of (-35)/14*-3*2?
1
Suppose -2*z + 14 = 4. Suppose -6*n - 4 = -3*n - 2*s, 0 = n - z*s + 23. Suppose -n*p + 5*p - 33 = 0. What is the units digit of p?
1
Suppose 2*j = -0 + 2. Let i(a) = 6*a. Let z be i(j). What is the units digit of 3 + -1 + z/2?
5
Let r(b) = -b + 4. Let k be r(6). Let v(p) = -7*p + 1. What is the units digit of v(k)?
5
Let z be ((-2)/(-4))/((-2)/(-44)). Let p = 20 - z. What is the units digit of p?
9
Let g(o) = 2*o - 4. Let c = 0 - -2. Suppose -c*i = 1 - 9. What is the units digit of g(i)?
4
Let u(p) = -4 - 2*p**2 + p + 3 - 19*p**3 - 1. Let o be u(-2). What is the units digit of 2/9 + o/18?
8
Suppose c - 41 = 10. What is the units digit of c?
1
Let t = 136 + -34. What is the hundreds digit of t?
1
Let p be (2 + 63/3)/(-1). Let w = p + 33. Suppose 6*n - w = n. What is the units digit of n?
2
Suppose 0 = 3*q + 2*q + 4*j + 2, 6 = -2*j. Suppose x = 6*x - 2*i + 18, q*x - 2*i = -6. Let p = 4 - x. What is the units digit of p?
8
Let r = 5 + 1. Suppose -6*j + 34 = 22. What is the units digit of 7*(r + -3 - j)?
7
Let o(a) = 25*a**2 + a. What is the tens digit of o(1)?
2
Let r = 95 + 46. Suppose -r = -4*i - 41. What is the tens digit of i?
2
Let u(c) be the first derivative of -c**4/4 - 7*c**3/3 + 7*c**2 + 8*c - 2. What is the tens digit of u(-9)?
4
Suppose 4*p + 11 = -2*r + 3, 2*r - 3*p = -15. Let b = r - -4. Let i = 9 + b. What is the units digit of i?
7
Let i = 7 - 3. Suppose -r - 4*u + 126 = i*r, 5*r - 128 = -2*u. What is the units digit of r?
6
Let l(q) = q - 2. Let o(w) = -3*w + 1. Let i be o(-2). Let m be l(i). Suppose b = -4*b + m. What is the units digit of b?
1
Let w be (-20)/(-2) + 0 + 1. Let m be -1 + (0 - 3) + -3. Let t = w + m. What is the units digit of t?
4
What is the units digit of 13/(-2)*(1 + -3) - 1?
2
Let f(k) = -3*k - 14. What is the tens digit of f(-8)?
1
Suppose -6*g - 158 = -590. What is the tens digit of g?
7
Let z(f) = -f**2 - f. Let r be z(0). Suppose -3 = 3*s - 24. Let m = s + r. What is the units digit of m?
7
Let x = -5 + 8. Suppose 46 = 4*a + x*j + 2*j, 4*a - 52 = -2*j. What is the tens digit of 150/14 - (-4)/a?
1
Let a be (-1)/(2/3)*-2. Let h = 0 + a. What is the units digit of h?
3
Suppose 3*g - 5*c - 13 = 0, 4*g = 3*g - c + 7. Suppose -2*j = -4, 2*j = -4*f + g*j - 24. Let v = f - -7. What is the units digit of v?
3
Let q(h) be the first derivative of h**4/4 + 2*h**3 - h**2/2 + 2. What is the units digit of q(-6)?
6
Let l(k) = -k - 3. Let m be l(-6). Suppose 2*v + o + 18 = m, -3*o - 25 = 4*v. What is the units digit of (-1)/5 + (-72)/v?
7
Let p(t) = 3*t**2 + 4*t - 3. Let y be p(-5). Suppose -2*w + 2*b = -16, -3*b + y = 5*w - 2*b. What is the units digit of w?
0
Let y = -49 - -81. What is the tens digit of y?
3
Suppose 3*i = 18 - 0. Suppose -2*w = w - i. Suppose -w*m - 3 = -21. What is the units digit of m?
9
Suppose k - 2*j + 5 = 2*k, -5*k - 5*j = -30. Suppose k*h = 4*h + 45. What is the tens digit of h?
1
Suppose 1 - 4 = -u. What is the units digit of u?
3
Let f(n) = -n**3 + n + 11. Let l be (0 + 0)/(1/(-1)). Let p be -1*(-2)/4*l. What is the units digit